54?
27
Calculate the highest common factor of 48 and 248.
8
What is the greatest common divisor of 6 and 25?
1
Calculate the highest common factor of 89 and 10769.
89
What is the greatest common factor of 207 and 207?
207
What is the greatest common factor of 10 and 1125?
5
Calculate the highest common divisor of 4416 and 8.
8
Calculate the highest common divisor of 12 and 4394.
2
What is the highest common divisor of 111 and 2109?
111
What is the greatest common factor of 77 and 77?
77
Calculate the highest common factor of 6 and 758.
2
Calculate the highest common factor of 65073 and 327.
327
Calculate the highest common divisor of 212 and 4.
4
What is the greatest common divisor of 342 and 38?
38
What is the greatest common divisor of 243 and 405?
81
Calculate the highest common factor of 250 and 116.
2
What is the highest common divisor of 550 and 44?
22
Calculate the highest common divisor of 40 and 30.
10
What is the greatest common factor of 35 and 1316?
7
Calculate the highest common divisor of 24 and 312.
24
What is the greatest common divisor of 110 and 682?
22
Calculate the highest common factor of 10 and 190.
10
Calculate the greatest common divisor of 322 and 28.
14
Calculate the greatest common divisor of 2301 and 39.
39
What is the greatest common divisor of 255 and 969?
51
What is the highest common divisor of 32 and 9?
1
Calculate the greatest common divisor of 1841 and 28.
7
What is the highest common divisor of 2760 and 75?
15
What is the greatest common divisor of 120 and 2040?
120
Calculate the greatest common factor of 368 and 414.
46
Calculate the highest common factor of 40 and 768.
8
What is the greatest common divisor of 783 and 81?
27
Calculate the greatest common divisor of 1116 and 72.
36
Calculate the greatest common divisor of 99 and 330.
33
What is the highest common divisor of 780 and 60?
60
Calculate the highest common factor of 3108 and 333.
111
What is the highest common factor of 2015 and 1891?
31
What is the greatest common factor of 37047 and 477?
159
What is the highest common divisor of 515 and 100?
5
What is the greatest common divisor of 7 and 1057?
7
Calculate the greatest common divisor of 5373 and 995.
199
Calculate the highest common factor of 36 and 100.
4
What is the greatest common factor of 1896 and 456?
24
Calculate the greatest common divisor of 11859 and 804.
201
Calculate the highest common divisor of 20898 and 324.
162
What is the greatest common factor of 210 and 672?
42
What is the highest common factor of 2494 and 1682?
58
Calculate the highest common factor of 1441 and 11.
11
What is the greatest common divisor of 1457 and 94?
47
What is the greatest common factor of 1254 and 132?
66
Calculate the greatest common divisor of 3 and 183.
3
Calculate the highest common divisor of 444 and 296.
148
What is the greatest common factor of 116 and 899?
29
What is the highest common divisor of 368 and 23?
23
Calculate the highest common divisor of 495 and 12.
3
Calculate the greatest common factor of 25 and 125.
25
What is the highest common factor of 23316 and 87?
87
Calculate the highest common divisor of 4318 and 17.
17
What is the greatest common factor of 7 and 238?
7
What is the greatest common divisor of 188 and 423?
47
Calculate the highest common divisor of 3649 and 178.
89
What is the highest common factor of 56 and 1072?
8
What is the greatest common factor of 25246 and 52?
26
What is the highest common divisor of 961 and 31?
31
What is the highest common factor of 60 and 33?
3
What is the highest common factor of 6063 and 282?
141
Calculate the greatest common divisor of 48 and 240.
48
What is the highest common factor of 109 and 981?
109
What is the highest common divisor of 56 and 4004?
28
What is the highest common divisor of 60 and 100?
20
What is the highest common factor of 48 and 112?
16
Calculate the highest common factor of 76 and 475.
19
What is the highest common divisor of 13639 and 23?
23
Calculate the greatest common factor of 120 and 1395.
15
Calculate the greatest common factor of 44 and 1012.
44
Calculate the highest common factor of 4 and 2342.
2
Calculate the highest common factor of 13 and 4303.
13
What is the highest common factor of 5745 and 45?
15
What is the highest common divisor of 4345 and 275?
55
Calculate the highest common factor of 18 and 18.
18
Calculate the greatest common factor of 42 and 4396.
14
Calculate the highest common factor of 15 and 405.
15
Calculate the highest common divisor of 128 and 576.
64
What is the greatest common divisor of 506 and 1606?
22
What is the highest common divisor of 306 and 4794?
102
What is the highest common factor of 22 and 44?
22
Calculate the greatest common divisor of 448 and 32.
32
Calculate the greatest common divisor of 5 and 55.
5
What is the greatest common divisor of 85 and 55?
5
Calculate the greatest common divisor of 13 and 234.
13
Calculate the highest common factor of 55 and 99.
11
What is the greatest common factor of 561 and 132?
33
Calculate the highest common divisor of 31 and 93.
31
Calculate the highest common factor of 6649 and 218.
109
What is the greatest common factor of 30 and 405?
15
Calculate the greatest common divisor of 319 and 66.
11
Calculate the greatest common factor of 43 and 473.
43
Calculate the greatest common factor of 1809 and 27.
27
What is the highest common divisor of 2717 and 39?
13
What is the greatest common divisor of 155 and 124?
31
Calculate the highest common factor of 144 and 1800.
72
What is the greatest common factor of 28 and 756?
28
What is the greatest common factor of 41 and 1066?
41
What is the highest common factor of 7124 and 411?
137
Calculate the greatest common factor of 2140 and 20.
20
Calculate the greatest common factor of 528 and 240.
48
What is the highest common divisor of 2054 and 26?
26
Calculate the greatest common divisor of 9 and 5733.
9
Calculate the highest common factor of 747 and 9.
9
What is the greatest common divisor of 36 and 4581?
9
What is the highest common factor of 286 and 374?
22
Calculate the greatest common divisor of 208 and 128.
16
Calculate the highest common divisor of 16882 and 46.
46
What is the greatest common factor of 24 and 2664?
24
What is the highest common factor of 605 and 440?
55
What is the greatest common factor of 66 and 78?
6
What is the greatest common factor of 73 and 876?
73
Calculate the greatest common divisor of 2760 and 588.
12
Calculate the greatest common divisor of 1392 and 18.
6
Calculate the highest common divisor of 118 and 3953.
59
What is the highest common factor of 34 and 1802?
34
Calculate the greatest common divisor of 9 and 1125.
9
What is the greatest common divisor of 30 and 130?
10
What is the greatest common divisor of 16 and 48?
16
What is the highest common divisor of 459 and 324?
27
Calculate the highest common factor of 120 and 60.
60
What is the highest common divisor of 22 and 449?
1
What is the greatest common divisor of 44 and 352?
44
What is the greatest common divisor of 231 and 66?
33
What is the highest common factor of 26673 and 51?
51
What is the highest common divisor of 56 and 4508?
28
Calculate the greatest common factor of 18 and 4734.
18
What is the greatest common factor of 1 and 32?
1
Calculate the greatest common factor of 5511 and 33.
33
What is the greatest common divisor of 50 and 20450?
50
Calculate the highest common factor of 66249 and 153.
153
What is the highest common factor of 76 and 2147?
19
What is the highest common divisor of 2673 and 27?
27
What is the greatest common factor of 710 and 142?
142
Calculate the highest common factor of 8 and 2344.
8
Calculate the greatest common factor of 1462 and 17.
17
What is the highest common factor of 36 and 1566?
18
Calculate the highest common factor of 13031 and 83.
83
Calculate the highest common factor of 147 and 63.
21
Calculate the highest common factor of 85 and 731.
17
Calculate the greatest common factor of 1648 and 176.
16
Calculate the greatest common divisor of 6920 and 60.
20
What is the highest common factor of 150 and 50?
50
Calculate the highest common divisor of 33 and 528.
33
Calculate the highest common divisor of 2265 and 15.
15
Calculate the greatest common factor of 52 and 832.
52
What